(o) = 6*o. Let g be r(-4). Let y = -18 - g. Is 18*-2*(-2)/y a multiple of 12?
True
Let k = -1170 - -2408. Is 70 a factor of k?
False
Suppose 0 = -359*z + 363*z - 144. Is 18 a factor of z?
True
Let f = 787 + -592. Does 13 divide f?
True
Let h(j) = 4*j**3 - j**2 + 3*j + 32. Is h(5) a multiple of 11?
False
Suppose 0 = -3*t + c + 6465, -5*t + 206*c = 210*c - 10792. Does 44 divide t?
True
Let b(n) = -n**3 + n**2 + n + 42. Let q(h) = -h + 4. Let w be q(0). Suppose -w*c = c. Is b(c) a multiple of 21?
True
Suppose 0 = 4*w - 3*g - 0 - 1, 3*w - 17 = -g. Suppose -36 = -5*t + w. Let h = 17 + t. Is h a multiple of 15?
False
Let c(a) = a**3 + a**2 + 1. Suppose 3*b = l - 1, 5*l + 0*b = 5*b - 5. Let n be c(l). Let z(t) = 2*t**2 + 2*t - 3. Is z(n) even?
False
Let f(c) = c**2 - 16 - 3*c + 3*c**2 - 3*c**2 + 11*c. Let j(d) = d**2 + 9*d - 17. Let k(r) = -3*f(r) + 2*j(r). Is k(-7) a multiple of 3?
False
Suppose -3*w = 3*q, q - 5 - 7 = -4*w. Is (-63)/(-6) + 2/q a multiple of 10?
True
Let g(j) = j**3 + 13*j**2 - 3*j - 21. Let q be g(-9). Suppose b = -2*b + q. Is b a multiple of 11?
True
Let y be -3 - 16/((-20)/5). Is ((-95)/(-15) - y)*24 a multiple of 32?
True
Suppose -k - 17 = -4*b - 154, 137 = k + 2*b. Is 9 a factor of k?
False
Suppose 5*y = -4*g + 41, -2*g + 2*y = 3 - 1. Suppose 0 = 2*d + 2*d - 440. Suppose 0*x + 2*k = -5*x + d, 20 = g*k. Does 10 divide x?
True
Suppose 5 = -4*n + 9. Let q be (-2 - -3) + (7 - n). Let y(m) = 2*m**2 - 7*m + 8. Does 19 divide y(q)?
True
Suppose 20 = a - 0*a + 4*b, -2*a + 4*b = -100. Does 7 divide (-1 + 8)*a/8?
True
Let q = 17 - 2. Is 99/q + (-2)/(-5) a multiple of 7?
True
Does 57 divide -6 + (1 - 1) - -464?
False
Suppose -2*g + 4*g = -3*j - 5, 2*g = -j + 1. Is 34 a factor of g + (12/(-4) - -137)?
True
Suppose -82 = -2*q - 3*j - 0*j, 0 = -4*q - 2*j + 148. Suppose 4*l = 3*l + q. Let c = 107 - l. Is c a multiple of 34?
False
Suppose 39*v = 75*v - 117108. Is v a multiple of 74?
False
Let j(f) = -f**2 - 6*f + 9. Let q = 18 - 23. Is j(q) a multiple of 7?
True
Let y(n) = 89*n**3. Let w be y(1). Suppose 13*d - 14*d = -w. Does 14 divide d?
False
Let g be 0 - 2/(-3)*3. Suppose -g*l = -a - 2, -3*l + 17 - 7 = -5*a. Suppose -3*f - y + 110 = 3*y, -5*y - 5 = l. Is 7 a factor of f?
False
Let c(d) = d - 7. Let v be c(0). Let q be v - 3/(-3) - -4. Let y(t) = t**2 + 2*t + 3. Is 3 a factor of y(q)?
True
Let y be (0 - -10)*98/35. Suppose 0 = q - 5*q + y. Suppose c + 3*s - q = 0, s = -5*c + 165 - 60. Does 19 divide c?
False
Let i = 4 - -17. Let l = -27 + i. Is 1/2*-17*l a multiple of 18?
False
Let c = 78 - 100. Is (-517)/c*-1*1*-2 a multiple of 22?
False
Suppose 7 + 0 = c. Suppose 8 = -3*u - c. Let k = 146 + u. Does 24 divide k?
False
Suppose 5*i = 5*t - 270, 7*t + 2*i - 270 = 2*t. Is 12 a factor of (0 + 32/(-6))/((-2)/t)?
True
Suppose 3*s = 5*y - 17, 4*y + 4*s + 15 - 3 = 0. Let m = y - -2. Suppose m*d + 8 = 3*h - 4, -5 = -5*d. Does 2 divide h?
False
Let n = -2390 - -2692. Does 11 divide n?
False
Let m(t) = 29*t + 2 + 24*t - 13*t + 5*t. Is 30 a factor of m(3)?
False
Let i = -347 + 138. Let l = -98 - i. Is l a multiple of 45?
False
Let a(f) be the third derivative of f**5/10 - f**4/12 + f**3/3 + f**2. Let y be a(2). Suppose -2*v + y = -32. Does 9 divide v?
True
Let f = -108 - -117. Is 12 a factor of (-113)/(-5) + f/(-15)?
False
Let g be (-4)/((-12)/(-3)) - -8. Let k = -4 + g. Is k + (29 - 0/1) a multiple of 16?
True
Suppose 0 = 3*z - a - 1043, z + 4*a = 3*a + 349. Suppose -9*h + 165 = -z. Does 13 divide h?
False
Suppose 10 = 8*f - 6*f. Suppose -k + 5 = -5*z + 275, f*z = -3*k + 290. Does 15 divide z?
False
Let r(b) = 59*b**2 - 51*b**2 - 2*b**3 - 12 + 3*b**3 + 5*b. Is r(-6) a multiple of 4?
False
Let d = -5 + 17. Suppose 2*i - 23 = 3*g, -g = i - 3*g - 12. Is i*13*d/20 a multiple of 26?
True
Let d(s) = 2*s**2 + 11*s - 19. Is d(-11) even?
True
Let i(t) = 16*t + 44. Let x be i(-8). Does 24 divide (-986)/(-10) + 6 + x/15?
False
Is 25 a factor of 4 - (-346 + 0/(-7))?
True
Let x be 3/(-3) - (-5 + 0). Let s(h) = h + 5. Let t be s(-5). Suppose t = -w - x*w + 150. Is w a multiple of 11?
False
Let x be (-10)/(-6) - ((-12)/(-9))/(-4). Suppose -3*k + 219 = 2*f, x*k + 214 = -2*f + 4*f. Is f a multiple of 36?
True
Suppose -g - 4 = -2*g. Suppose -28 + 4 = -g*f + 4*p, f + 3*p = -10. Suppose 9 = a - 4*i, -2*a - 2*a + 90 = f*i. Is 7 a factor of a?
True
Let t(h) = -h**2 - 4*h - 6. Let s be t(-6). Let z be ((-9)/(-6))/((-3)/s). Is -3*(-16)/12*z a multiple of 12?
True
Suppose 5*a - 6 = 2*a. Let p(m) = -m**a + 2 + 0*m**2 - m + 2*m**2. Is 4 a factor of p(2)?
True
Let a(b) = b**2 + 10*b + 7. Let m(r) = -r**2 - 9*r + 9. Let o be m(-11). Does 18 divide a(o)?
False
Suppose 5*p + 3*s = 15, -2*p - 4*s = -6*p - 20. Suppose p = 4*q - 5*j + 24 - 153, 3*j - 9 = 0. Is q a multiple of 6?
True
Let m(x) = -6*x**2 - 6*x - 2. Let z be m(-3). Let v = z + 149. Is 13 a factor of v?
False
Suppose -4*w + 2*o + 1460 = -2*o, -5*w = 5*o - 1805. Does 11 divide w?
True
Suppose -c + 3*u + 345 = 0, -5*c + 4*c - 3*u + 315 = 0. Is c a multiple of 30?
True
Let p(z) = 49*z. Let n be p(-1). Let v be (-818)/(-10) - (-2)/10. Let b = v + n. Is 11 a factor of b?
True
Let b(p) = -4*p**2. Let n be b(2). Let t be 4/(n/(-988)) + 0. Is 19 a factor of (t/26)/((-1)/(-4))?
True
Suppose 0 = 6*w - 3*w + 36. Let r = 14 + w. Suppose -3*c - 4*b + 75 = 0, c - 2*b = -r*c + 57. Is 5 a factor of c?
False
Let k = 182 - 18. Does 28 divide k?
False
Suppose -4*a - 5*z + 3903 = 0, 10*z - 4863 = -5*a + 9*z. Is 36 a factor of a?
True
Let g(c) = -c**3 + 6*c**2 - 5*c - 4. Let k be g(5). Let v be (-3)/(12/4)*k. Suppose 7*q - v*q = h + 41, 0 = 4*q - 3*h - 63. Is 12 a factor of q?
True
Let h be (-38)/(-5) + (-6)/(-15). Is (h/6)/((-6)/(-27)) a multiple of 3?
True
Suppose 9*j = -403 - 74. Let w = -17 - j. Is 9 a factor of w?
True
Let z(u) = 2*u**2 + 75*u + 135. Is z(-41) a multiple of 8?
False
Let q be 2*(3/(-2) - -2). Does 3 divide (3 - 2)*q - -8?
True
Let r(b) be the third derivative of b**8/20160 + b**7/1260 - b**6/240 - 7*b**5/60 - 4*b**2. Let t(g) be the third derivative of r(g). Is 12 a factor of t(-7)?
False
Let d be (50/20)/((6/4)/3). Suppose -3*z + 129 = 3*f, -3*f + 157 - 22 = d*z. Does 19 divide f?
False
Let b(c) = -c**3 - 4*c**2 + 3*c - 5. Let s be b(-5). Suppose 12 = 4*x + 4*u, 0*u + u - 1 = 0. Is (15/x)/s*6 a multiple of 9?
True
Let n(x) = -x + 1290. Is n(0) a multiple of 10?
True
Let p = -15 + 11. Let g(w) = w**3 + 5*w**2 - 5. Does 2 divide g(p)?
False
Let q = 37 - 73. Is (q/20)/((-6)/20) a multiple of 3?
True
Let j = -77 + 117. Let b = j - 16. Is 8 a factor of b?
True
Let s(p) = -1 + 2*p**2 - p**2 + 2 - 2*p. Suppose -11*z - 12 = -8*z. Is s(z) a multiple of 16?
False
Let z be 6 - ((-2 - -4) + -4). Is 93*1/6 - 4/z a multiple of 5?
True
Suppose -5*d = -4*b - 12524, -2*d + 2449 + 2562 = -3*b. Does 14 divide d?
False
Suppose -4*d + 2*t - 2 + 12 = 0, 2*d = 4*t + 8. Does 7 divide 70 + (-2)/11 + d/11?
True
Let w be (4/6)/(9/(-27)). Does 3 divide (w/(-4) - 6/(-12))*11?
False
Suppose -2*v + 38 = 5*b, -5*v - 14 = -7*v + b. Suppose -t + 0*t = -3. Suppose -t*u + 28 = 2*d, v = -4*d - u + 55. Is 6 a factor of d?
False
Let j(y) = -4*y - 4. Let c be j(-4). Let d be (5/(-2))/((-15)/c). Is 8 a factor of (-64)/(-20)*15/d?
True
Suppose 1199 = -8*w + 8183. Is w a multiple of 18?
False
Let c = -193 - -213. Is 18 a factor of c?
False
Let v = -12 - -13. Let y be (-2)/(-2) + (125 - v). Suppose 53 = 2*r + 2*o - y, r = o + 79. Is r a multiple of 28?
True
Let j = -55 + 61. Suppose -j*v + 2*v = 4*r - 496, -4*v = 5*r - 624. Does 37 divide r?
False
Let j(b) be the third derivative of b**6/40 - b**5/120 - 5*b**4/24 - 7*b**2. Let v(d) be the second derivative of j(d). Does 17 divide v(1)?
True
Let z(s) = -373*s**3 - 2*s**2 + 2*s + 3. Does 29 divide z(-1)?
False
Let j = 49 + -37. Suppose -l + 5*l - 16 = 0. Let h = j - l. Is 7 a factor of h?
False
Let g = -4689 - -6684. Is 19 a factor of g?
True
Let f(c) = -c**3 + 13*c**2 - 27. Let y be f(12). Suppose 0 = -3*i + y + 183. Does 25 divide i?
True
Let z be (48/(-28))/((8/(-14))/2). Is 19 a factor of (8/(-10))/(z/(-1425))?
True
Suppose -5*w + 1321 = 3*g, -2*g - 5*w + 910 = -9*w. Does 71 divide g?
False
Let a be (12/10)/(33/110). Suppose 3*x = 3*t + 21, -4*x - a*t + 21 = -x. Is (10/7)/(1/x) a multiple of 3?
False
Let u(